the hundred thousands digit of 233004910?
0
What is the tens digit of 19701632?
3
What is the tens digit of 53638378?
7
What is the thousands digit of 92163737?
3
What is the tens digit of 89493827?
2
What is the hundreds digit of 4225602671?
6
What is the units digit of 332795392?
2
What is the ten thousands digit of 2623565842?
6
What is the ten millions digit of 46416750?
4
What is the thousands digit of 70105640?
5
What is the ten thousands digit of 60506325?
0
What is the ten thousands digit of 48613810?
1
What is the ten thousands digit of 3965741703?
4
What is the hundred millions digit of 144326429?
1
What is the thousands digit of 440171278?
1
What is the thousands digit of 44871424?
1
What is the hundred millions digit of 2146933332?
1
What is the ten thousands digit of 102805897?
0
What is the units digit of 28972411?
1
What is the ten millions digit of 47119456?
4
What is the thousands digit of 113668284?
8
What is the units digit of 677493316?
6
What is the hundreds digit of 169101809?
8
What is the hundreds digit of 119013120?
1
What is the thousands digit of 220653768?
3
What is the billions digit of 3502250269?
3
What is the ten thousands digit of 346667644?
6
What is the thousands digit of 85060374?
0
What is the hundreds digit of 337714705?
7
What is the hundred millions digit of 543538819?
5
What is the thousands digit of 33067571?
7
What is the hundreds digit of 237206712?
7
What is the hundred thousands digit of 25202728?
2
What is the ten thousands digit of 721691955?
9
What is the thousands digit of 4754104662?
4
What is the hundred millions digit of 3824276346?
8
What is the thousands digit of 1139417335?
7
What is the units digit of 15365220?
0
What is the tens digit of 4288199?
9
What is the millions digit of 1553506272?
3
What is the hundreds digit of 43485498?
4
What is the hundred millions digit of 1033778487?
0
What is the hundred thousands digit of 123204192?
2
What is the hundreds digit of 1733504381?
3
What is the hundreds digit of 3972369624?
6
What is the hundred thousands digit of 53158072?
1
What is the tens digit of 67172987?
8
What is the ten millions digit of 43131895?
4
What is the ten thousands digit of 240889521?
8
What is the thousands digit of 388363804?
3
What is the thousands digit of 1390547620?
7
What is the tens digit of 3542497?
9
What is the tens digit of 250665204?
0
What is the units digit of 48015881?
1
What is the millions digit of 1047274578?
7
What is the hundred millions digit of 1365606447?
3
What is the ten millions digit of 5321716305?
2
What is the ten thousands digit of 60081855?
8
What is the tens digit of 22093748?
4
What is the hundreds digit of 1816660012?
0
What is the ten thousands digit of 4783959374?
5
What is the hundred millions digit of 1023100906?
0
What is the hundred thousands digit of 400572807?
5
What is the hundreds digit of 148637635?
6
What is the units digit of 86297523?
3
What is the ten millions digit of 31502761?
3
What is the hundreds digit of 183467360?
3
What is the millions digit of 11388628?
1
What is the hundred thousands digit of 23833658?
8
What is the ten millions digit of 1472371538?
7
What is the ten millions digit of 116741428?
1
What is the hundred millions digit of 9554075822?
5
What is the tens digit of 1003042476?
7
What is the units digit of 6435882?
2
What is the millions digit of 114083489?
4
What is the thousands digit of 67509864?
9
What is the millions digit of 209353978?
9
What is the millions digit of 218241461?
8
What is the millions digit of 5325392593?
5
What is the millions digit of 1387164542?
7
What is the hundred thousands digit of 54618330?
6
What is the hundred millions digit of 221915129?
2
What is the billions digit of 1516418113?
1
What is the ten millions digit of 682027387?
8
What is the thousands digit of 62901715?
1
What is the ten thousands digit of 942659251?
5
What is the hundred thousands digit of 5034236239?
2
What is the millions digit of 284931930?
4
What is the millions digit of 8147096483?
7
What is the thousands digit of 72085606?
5
What is the thousands digit of 314063165?
3
What is the hundreds digit of 280641218?
2
What is the hundred millions digit of 300418439?
3
What is the ten thousands digit of 46892163?
9
What is the millions digit of 403269679?
3
What is the hundreds digit of 242839493?
4
What is the units digit of 4956223706?
6
What is the ten thousands digit of 249376289?
7
What is the units digit of 1063466596?
6
What is the hundreds digit of 2425584460?
4
What is the tens digit of 814123957?
5
What is the units digit of 332161418?
8
What is the millions digit of 112990892?
2
What is the hundred millions digit of 134732998?
1
What is the ten thousands digit of 2813555550?
5
What is the millions digit of 2141703906?
1
What is the ten millions digit of 85961989?
8
What is the ten millions digit of 128162273?
2
What is the ten thousands digit of 4805499046?
9
What is the billions digit of 1000261739?
1
What is the ten millions digit of 1274175957?
7
What is the hundred thousands digit of 226667448?
6
What is the thousands digit of 2428387192?
7
What is the hundreds digit of 36693087?
0
What is the ten millions digit of 97101968?
9
What is the hundreds digit of 3044147953?
9
What is the ten millions digit of 44140870?
4
What is the ten millions digit of 281628325?
8
What is the hundred thousands digit of 496900883?
9
What is the ten thousands digit of 1308034626?
3
What is the hundred millions digit of 1230820321?
2
What is the hundreds digit of 1124311826?
8
What is the hundreds digit of 73996419?
4
What is the millions digit of 1663967944?
3
What is the hundred thousands digit of 785804624?
8
What is the units digit of 48378487?
7
What is the hundred millions digit of 1277541654?
2
What is the thousands digit of 1374436923?
6
What is the hundreds digit of 142426234?
2
What is the ten millions digit of 115272855?
1
What is the hundred thousands digit of 24948733?
9
What is the tens digit of 28603685?
8
What is the millions digit of 865230061?
5
What is the units digit of 101848170?
0
What is the ten millions digit of 100150880?
0
What is the ten thousands digit of 1190561424?
6
What is the ten thousands digit of 174345523?
4
What is the units digit of 930477976?
6
What is the millions digit of 32055323?
2
What is the units digit of 46498219?
9
What is the ten millions digit of 25956751?
2
What is the thousands digit of 586410570?
0
What is the thousands digit of 35659088?
9
What is the tens digit of 9854220?
2
What is the billions digit of 5082658207?
5
What is the millions digit of 1138609478?
8
What is the units digit of 3967320234?
4
What is the tens digit of 361580299?
9
What is the tens digit of 262920261?
6
What is the ten thousands digit of 84678828?
7
What is the hundred millions digit of 415020140?
4
What is the thousands digit of 68596648?
6
What is the hundreds digit of 332195190?
1
What is the millions digit of 514677374?
4
What is the hundreds digit of 470645617?
6
What is the tens digit of 9523085?
8
What is the units digit of 829036541?
1
What is the hundred millions digit of 135154022?
1
What is the ten thousands digit of 38542309?
4
What is the hundreds digit of 5561059?
0
What is the ten thousands digit of 281884546?
8
What is the ten thousands digit of 1168685108?
8
What is the hundred thousands digit of 279507143?
5
What is the tens digit of 320034969?
6
What is the thousands digit of 61892698?
2
What is the hundred millions digit of 575361896?
5
What is the units digit of 114656190?
0
What is the tens digit of 120046907?
0
What is the millions digit of 198736471?
8
What is the hundreds digit of 2748286333?
3
What is the millions digit of 92888587?
2
What is the hundred millions digit of 310795103?
3
What is the hundreds digit of 22030451?
4
What is the ten thousands digit of 1171191062?
9
What is the thousands digit of 2946811720?
1
What is the hundreds digit of 188675019?
0
What is the thousands digit of 155080512?
0
What is the thousands digit of 486233087?
3
What is the units digit of 217062025?
5
What is the thousands digit of 70330338?
0
What is the thousands digit of 964290743?
0
What is the hundreds digit of 68333750?
7
What is the millions digit of 2090913293?
0
Wha